f - 37600. Determine h(31).
3
Let g(h) = 65*h**2 + 23258*h + 18943. Determine g(-357).
22
Let c(m) = 1910*m**2 + 11551*m + 557. Give c(-6).
11
Let l(k) = 595*k - 2728. Determine l(6).
842
Let f(v) = 46298*v - 1111147. Calculate f(24).
5
Let f(u) = 112*u**2 - 515*u + 8. Give f(4).
-260
Let v(i) = 43*i**2 - 2142*i + 20390. Calculate v(37).
3
Let z(m) = -m**3 + 14*m**2 - 119*m + 1884. Determine z(15).
-126
Let p(z) = 1730*z - 8364. Give p(5).
286
Let m(h) = 33063*h + 441. Determine m(0).
441
Let s(o) = -120*o**2 - 474*o - 471. Give s(-4).
-495
Let y(k) = -4*k**3 - 447*k**2 - 340*k + 311. Give y(-111).
1088
Let j(y) = -4039*y + 395836. Determine j(98).
14
Let x(a) = 4199*a - 20708. Give x(5).
287
Let r(y) = 15644*y - 375416. What is r(24)?
40
Let d(h) = 7*h**3 - 2*h**2 - 491275*h + 982552. What is d(2)?
50
Let k(t) = -61*t**2 - 1943*t - 1937. Give k(-1).
-55
Let d(x) = -x**3 - 157*x**2 + 322*x + 817. Give d(-159).
181
Let f(o) = 4*o**2 - 435*o - 11532. Calculate f(-22).
-26
Let i(z) = -37*z**3 - 124*z**2 - 10*z + 68. Determine i(-5).
1643
Let k(m) = m**3 + 1289*m**2 + 98959*m - 1193. Calculate k(-82).
37
Let o(f) = 192*f - 13453. Give o(70).
-13
Let t(u) = -3*u**3 - 42*u**2 - 218*u - 432. Determine t(-5).
-17
Let w(r) = 4453*r - 40023. Calculate w(9).
54
Let m(n) = -141931*n - 141936. Calculate m(-1).
-5
Let l(n) = -117*n**2 + 2096*n + 145. What is l(18)?
-35
Let d(j) = 9*j**2 - 1271*j + 7193. Give d(6).
-109
Let q(h) = -h**3 - 177*h**2 - 101*h + 43548. Give q(-175).
-27
Let x(k) = 5834*k**2 + 34970*k - 8. What is x(-6)?
196
Let l(m) = 19*m**2 - 52*m + 25. What is l(-3)?
352
Let v(h) = 20*h**2 - 851*h + 3441. Calculate v(4).
357
Let f(j) = -57*j**2 - 1962*j + 601. Give f(-35).
-554
Let i(u) = 28*u**2 + 463*u - 152. Determine i(-16).
-392
Let l(t) = -2*t**3 - 59*t**2 + 1615*t - 1392. Give l(-47).
18
Let b(s) = 18*s**2 + 11730*s - 59099. Give b(5).
1
Let w(q) = -107*q**2 + 4977*q + 1288. Give w(47).
-1156
Let f(n) = -12*n**3 - 13*n**2 - 18*n + 77. Give f(4).
-971
Let k(f) = -4*f**3 + 9*f**2 - 437*f + 6094. Give k(13).
-6854
Let n(t) = t**2 - 198*t + 2276. Calculate n(12).
44
Let a(f) = -2*f**3 + 57*f**2 - 101*f + 2045. What is a(28)?
1
Let l(v) = -27*v + 3217. Determine l(125).
-158
Let b(v) = 13126*v - 144401. Calculate b(11).
-15
Let i(f) = f**2 + 33548*f + 503008. Determine i(-15).
13
Let b(f) = 19808*f - 277399. What is b(14)?
-87
Let t(y) = -2277*y + 439569. Give t(193).
108
Let f(l) = -1738*l - 106031. What is f(-61)?
-13
Let k(f) = -f**3 + 3248*f**2 - 3233*f - 15. Calculate k(1).
-1
Let i(g) = 8623*g - 51729. Give i(6).
9
Let y(q) = 4*q**2 - 1494*q + 18825. Determine y(13).
79
Let t(a) = 6*a**2 - 395*a - 203497. Calculate t(220).
3
Let o(a) = -44400*a - 222014. Give o(-5).
-14
Let r(o) = 2*o**2 + 405*o - 5789. Calculate r(-216).
43
Let p(z) = -5*z**3 + 409*z**2 + 71*z + 546. Give p(82).
-356
Let s(t) = 10*t**2 + 809*t + 6557. Give s(-72).
149
Let i(q) = 147*q**2 + 227*q + 79. Give i(-1).
-1
Let c(y) = -9591*y - 86325. Calculate c(-9).
-6
Let k(r) = -r**3 + 25*r**2 + 769*r - 70. Give k(-18).
20
Let r(m) = -m**3 - 3*m**2 + 35*m - 7. Calculate r(-11).
576
Let w(u) = -3*u**3 + 25*u**2 + 65*u - 710. Determine w(11).
-963
Let t(b) = b**3 + 8*b**2 - 783*b + 1266. What is t(-33)?
-120
Let n(o) = 133*o - 10578. Give n(81).
195
Let w(c) = c**3 - 201*c**2 + 8888*c + 82625. Give w(85).
5
Let c(t) = -2*t**2 - 693*t + 16296. Determine c(22).
82
Let y(g) = 2*g**3 + 204*g**2 + 405*g + 431. Determine y(-100).
-69
Let t(o) = 1721*o**2 + 6871*o - 47. Determine t(-4).
5
Let v(m) = 72038*m - 12. What is v(0)?
-12
Let k(v) = -4*v**3 + 173*v**2 - 664*v + 15. Calculate k(39).
-24
Let g(o) = 253*o - 2801. Determine g(11).
-18
Let n(x) = -1312*x + 1657. Determine n(0).
1657
Let z(c) = -4*c**3 + 312*c**2 - c + 62. Give z(78).
-16
Let l(s) = -81*s - 750. Give l(-23).
1113
Let t(w) = w**3 - 142*w**2 + 205*w - 8889. Calculate t(141).
135
Let a(g) = 56363*g + 450903. Determine a(-8).
-1
Let r(i) = 413*i**2 - 4955*i - 1. What is r(12)?
11
Let m(t) = t**3 + 137*t**2 + 409*t + 381. Determine m(-134).
-557
Let h(o) = 3*o**2 - 124*o - 2009. Determine h(54).
43
Let r(u) = 22671*u - 90686. What is r(4)?
-2
Let h(q) = -41*q**3 - 96*q**2 - 401*q - 739. What is h(-2)?
7
Let q(t) = 20*t**3 + 5681*t**2 - 5381*t + 9698. Determine q(-285).
8
Let p(h) = -2*h**3 + 291*h**2 - 149*h + 626. What is p(145)?
46
Let s(i) = 297*i - 7317. Determine s(21).
-1080
Let r(z) = -4*z**2 + 78656*z - 628970. Give r(8).
22
Let o(i) = -185*i**2 - 77*i + 157. Give o(2).
-737
Let f(u) = u**3 - 11*u**2 - 3177*u + 920. Calculate f(62).
-10
Let y(d) = d**3 + 16*d**2 + 61*d + 776. Determine y(-15).
86
Let r(m) = 38*m**2 + 61*m + 67. Calculate r(-1).
44
Let g(b) = 491*b**2 - 480224*b + 25434. Calculate g(978).
6
Let n(b) = 430*b**2 - 38697*b - 308. What is n(90)?
-38
Let p(k) = -328*k**3 - 9*k**2 + 122*k + 127. What is p(-1)?
324
Let n(y) = 1316*y - 2915. What is n(2)?
-283
Let p(x) = x**3 + 112*x**2 - 522*x + 7370. Calculate p(-117).
-1
Let m(d) = d**2 - 16*d - 1463. Give m(55).
682
Let y(c) = -5554*c**2 + 3*c + 16. Give y(0).
16
Let u(t) = 8367*t + 175744. What is u(-21)?
37
Let p(i) = -15133*i + 741534. Determine p(49).
17
Let w(m) = 127*m**2 - 21*m - 17. Determine w(-1).
131
Let l(i) = 376*i + 5539. Calculate l(-15).
-101
Let o(h) = 265999*h - 18619930. Determine o(70).
0
Let n(l) = l**2 + 77*l + 549. Give n(-70).
59
Let x(n) = 79118*n + 158257. What is x(-2)?
21
Let g(p) = 87*p - 11418. Calculate g(131).
-21
Let o(z) = 20075*z + 80814. What is o(-4)?
514
Let f(q) = 11681*q - 175211. Calculate f(15).
4
Let k(n) = 223*n**2 - 5115*n - 328. Determine k(23).
-6
Let l(c) = -2*c**3 + 185*c**2 - 79*c - 197. What is l(92)?
999
Let q(i) = 169404*i + 5590323. What is q(-33)?
-9
Let s(b) = -19*b**2 + 317*b - 633. Determine s(2).
-75
Let f(y) = 3258*y + 866983. Calculate f(-266).
355
Let i(z) = -22999*z - 2092925. Give i(-91).
-16
Let q(x) = -2*x**3 + 14*x**2 + 557*x - 3946. What is q(7)?
-47
Let m(l) = -l**3 + 14*l**2 + 125*l + 743. Give m(23).
-1143
Let f(c) = -2157*c - 1516400. Determine f(-703).
-29
Let g(y) = -y**3 - 91*y**2 + 11*y - 181. What is g(0)?
-181
Let y(g) = g**2 - 685*g + 4905. What is y(7)?
159
Let b(t) = -2*t**3 + 17*t**2 + 2809*t + 241. What is b(42)?
31
Let k(d) = -687*d - 53280. Calculate k(-76).
-1068
Let d(b) = 2*b**2 + 763*b + 7452. Determine d(-10).
22
Let i(h) = -120*h**2 - 50638*h + 839. Determine i(-422).
-5
Let z(y) = -9*y**3 - 1841*y**2 + 754*y - 13530. Give z(-205).
0
Let j(w) = 44*w**3 - 20*w**2 + 24*w + 25. Calculate j(-1).
-63
Let v(y) = -2*y**3 - 34*y**2 + 117*y + 1992. What is v(-15)?
-663
Let w(v) = v**2 + 5978*v + 23894. Give w(-4).
-2
Let l(y) = 46002*y - 46263. Calculate l(1).
-261
Let v(h) = -2*h**3 + 41*h**2 - 52*h + 5279. Determine v(24).
-1
Let p(l) = -140597*l - 562380. What is p(-4)?
8
Let m(q) = -49*q**2 - 781*q - 698. What is m(-15)?
-8
Let h(l) = -l**3 - 3*l**2 - 36011*l + 144157. Give h(4).
1
Let o(g) = 2137*g + 1619807. Determine o(-758).
-39
Let d(u) = 12852*u - 102914. Give d(8).
-98
Let w(y) = y**3 + 146*y**2 + 102*y - 6220. Give w(-145).
15
Let z(k) = k**3 + 32*k**2 - 111*k - 226. Give z(-35).
-16
Let u(s) = s**3 + 661*s**2 + 15947*s + 1183. Determine u(-25).
8
Let y(n) = -n**2 - 737*n - 130672. What is y(-297)?
8
Let t(h) = -h**3 + 10*h**2 + 9013*h + 17979. Give t(-2).
1
Let y(g) = -3445729*g - 51685934. Calculate y(-15).
1
Let y(t) = 3*t**2 + 147*t + 736. Give y(-44).
76
Let y(u) = 294*u + 66450. What is y(-226)?
6
Let f(b) = -50384*b + 1259599. Give f(25).
-1
Let u(c) = -c**3 - 447*c**2 + 7408*c - 23. Determine u(-463).
-23
Let u(g) = 14*g**2 - 73*g - 303. Give u(8).
9
Let m(l) = -7*l**3 + 3*l**2 + 134*l + 533. What is m(-5)?
813
Let w(d) = -d**3 - 218*d**2 - 143*d - 31021. Calculate w(-218).
153
Let c(i) = 2740*i + 21936. What is c(-8)?
16
Let s(r) = -72392*r + 217880. Give s(3).
704
Let l(w) = -5*w**3 + 766*w**2 + 202*w - 169331. What is l(152)?
-3
Let j(g) = -88*g**2 + 12921*g + 2175. What is j(147)?
-30
Let g(o) = 18*o**2 - 6439*o - 93676. Give g(-14).
-2
Let i(s) = -10*s**2 - 92*s - 887. Calculate i(-10).
-967
Let m(o) = -322*o - 35743. Determine m(-111).
-1
Let k(z) = -33*z**2 + 2781*z - 11115. Calculate k(4).
-519
Let c(k) = k**3 + 3*k**2 - 876*k + 33. 